ns digit of ((-115)/b)/(5/(-20))?
1
Let x(y) = 2*y + 63. Let p be x(-6). Suppose 0 = 5*o - p*l + 56*l - 970, 3*o - 588 = 3*l. What is the units digit of o?
5
Let h = 289 - 295. Let o = 30 + h. What is the tens digit of o?
2
Let z(r) = -5490*r - 1049. What is the units digit of z(-1)?
1
Let u be 2 + -2 - (-10 + -71). Suppose -u = -o - 77. Suppose -5*q + a + 32 = -51, -2*a = -o*q + 64. What is the units digit of q?
7
Let s = 187 + 443. Suppose 20*k = 18*k + s. What is the hundreds digit of k?
3
Let q(n) = n**3 - 11*n**2 - 10*n - 1. Let x be q(12). Suppose -2*b - b = -4*d + 23, 2*b - x = -5*d. Suppose 0 = d*z - 39 - 21. What is the tens digit of z?
1
Let a(g) = 72*g - 2. Let z be a(-1). Let j = 82 + z. Suppose 0 = -j*p - 2*p + 230. What is the units digit of p?
3
Let c(s) = s**3 - 9*s**2 + 2. Suppose 0*d + d - 3*x = -4, -28 = -3*d - x. Let j be c(d). What is the units digit of (-1)/2 - 15/12*j?
7
Suppose -2*m = 3*c - 325, -3*m - 3*c + 137 = -349. Let p = m + 403. What is the tens digit of p?
6
Let i(y) = 1285*y + 133. What is the thousands digit of i(5)?
6
Let l = 721 + -660. What is the units digit of l?
1
Suppose -53*t = 2*t + 43*t - 417970. What is the tens digit of t?
6
Suppose 5*g = -2*l + 22462, -5*l + 29699 = 2*g - 26519. What is the units digit of l?
6
Suppose 0 = -2*b + 4*z + 37952, 6*b + 15*z - 113874 = 18*z. What is the thousands digit of b?
8
Let m = -69752 + 119815. What is the units digit of m?
3
Let y be 15/(-8 - -13 - 2). Suppose y*d - 8*d + 3150 = 0. What is the thousands digit of d?
1
Let a(v) = -v**3 + 10*v**2 + 3*v - 13. Let r(m) = m**2 - 8*m + 12. Let o be r(6). Let n be 5 - (-4 - (o - 0)). What is the tens digit of a(n)?
9
Let x(z) = z**3 - 2*z**2 - 2*z + 3. Let a be x(3). Suppose j - 3*f - 386 = 0, -f = -3 + a. What is the tens digit of j?
7
Suppose 5*t + 3*u - 319825 = 0, -t = 2*u - 7*u - 63993. What is the tens digit of ((-3)/(-4))/(24/t)?
9
Let f(k) be the first derivative of 9/2*k**2 - 4*k**3 + 1/4*k**4 + 30 - 16*k. What is the units digit of f(12)?
2
Let o(q) = -7*q + 6. Suppose 6 + 12 = 6*l. Suppose -1 = 2*w + l. What is the tens digit of o(w)?
2
Let f(h) = 78*h - 103. Let o be f(22). Suppose 5*l = -2*j - 529 + 2146, 5*l - 2*j - o = 0. What is the tens digit of l?
2
Let s(o) = -887*o**3 + 3*o**2 - o - 3. Let l be s(-1). Let y = -543 + l. What is the units digit of y?
5
Let l be 2 + (-367)/(-2) + 2/4. Suppose -y - j = -9, -y + 25 = 2*y + 2*j. Suppose 0 = -y*a + 3 + l. What is the tens digit of a?
2
Let a = 148 - 117. Suppose a*m = 56*m - 21525. What is the units digit of m?
1
Let i(y) = -88*y**2 - 9 - 22 - 22*y + 2*y**3 - 8*y - y**3 + 108*y**2. What is the tens digit of i(-21)?
5
Let c(u) = -2*u**3 + 41*u**2 - 20*u + 2. Let p be c(20). Suppose 0 = -4*k - p*t + 5*t + 668, -4*t = 4*k - 668. What is the units digit of k?
7
What is the hundreds digit of ((-3)/5)/((-91)/462735)?
0
Let r = 2337 - 519. Suppose -26*p + 2429 = -22*p - 5*j, -3*p + 5*j + r = 0. What is the hundreds digit of p?
6
Let q(w) be the third derivative of w**6/120 - 3*w**5/20 - w**4/2 - w**3 + 5*w**2. Let h be q(10). What is the hundreds digit of h/39 + 569/3?
1
Suppose 5*k - 28 + 438 = 0. Let r be k*3/3 + 3. Let b = r - -161. What is the units digit of b?
2
Let l(h) = -60*h**2 - 15*h - 4. Let p be l(-2). Let r = p - -486. What is the tens digit of r?
7
What is the thousands digit of (4 + 0)*(2128 - 26)?
8
Let d(o) = -o**3 + 55*o**2 - 94*o + 887. What is the hundreds digit of d(52)?
1
Let c(z) = -4*z**3 - 13*z**2 + 11*z - 76. What is the tens digit of c(-16)?
0
Suppose 220*a = 215*a + 42335. What is the thousands digit of a?
8
Let s(a) = 1509*a**2 + a - 3. Let t be s(1). Suppose t + 3878 = 15*x. What is the hundreds digit of x?
3
Suppose -31*g - 55*g + 307450 = 0. What is the tens digit of g?
7
Let f(t) = -t - 17. Let v(g) = 2*g + 17. Let r(p) = 7*f(p) + 6*v(p). What is the units digit of r(5)?
8
Suppose 5*f + 3 = d + 9, 6 = 3*d - 3*f. Suppose -d*v = -o + 18, 4*o = o + v + 87. What is the units digit of o?
0
Suppose -d - 4*u = 2*d - 77, -37 = -3*d + 4*u. Suppose 0 = d*m - 14*m - 120. What is the units digit of m?
4
Let y(r) = -16*r**2 - 3*r + 1. Let w be y(4). Let x = 650 + w. What is the tens digit of x?
8
Let h be (1/3 - 1)*-123. Let i be -3*(h/(-3) + 4). What is the units digit of (54/21)/(15/i)?
2
What is the tens digit of (-2407490)/19*9/(-18)?
5
Suppose 0 = -3*w - 6, -8*j + 4*j - 4*w = -11188. Suppose -2*y = -5*y + j. What is the tens digit of y?
3
Let b(m) = 9*m. Let s(n) = n**2 + 37*n - 1. Let d(w) = -9*b(w) + 2*s(w). Let c be d(4). Suppose 0 = c*u + 4*u - 90. What is the tens digit of u?
1
Let r = -1571 + 2036. What is the tens digit of r?
6
Let f = -306 + 632. Let l = f - 204. What is the hundreds digit of l?
1
Suppose a - 4*j - 36565 = 10296, 5*a - 3*j = 234254. What is the tens digit of a?
4
Let a(t) = 32*t - 225. Let s be a(7). Let i = s + 554. What is the units digit of i?
3
Let h be ((-6656)/24)/13*-288. Suppose 0*i = -4*i + h. What is the units digit of i?
6
Suppose 4*r + 3 - 11 = 0. Suppose 35 = -0*x + 5*x + 5*o, 0 = 3*x - 2*o - 6. Let h = x - r. What is the units digit of h?
2
Let n be 6*(0 - (-4)/24) - -3. Suppose -4*s + s = -n*s. Suppose m - 5*m + 396 = s. What is the units digit of m?
9
Suppose -1589 = 5*w + 2976. Let d = -446 - w. What is the tens digit of d?
6
Let h(m) = -m**3 - 11*m**2 + 10*m - 10. Let k be h(-12). Let o be (3/(-1))/3*k. Let s = o - -149. What is the tens digit of s?
3
Suppose 3909 - 628559 = -112*w + 878278. What is the units digit of w?
9
Let i(u) = 367*u + 806. What is the units digit of i(40)?
6
Let o(s) = 3*s**3 - s**2 + 20*s - 41. Let f be 4/6*(-16)/((-80)/45). What is the hundreds digit of o(f)?
6
Let d(z) = -13*z + 12. Let x(a) = -a - 15. Let j be x(-12). Let m be d(j). Let i = m + -21. What is the tens digit of i?
3
Let o(n) be the second derivative of -16*n**3/3 - 29*n**2/2 + 7*n. What is the units digit of o(-4)?
9
Let f(x) be the third derivative of x**6/120 - 7*x**5/60 + x**4/3 - 3*x**3/2 - 14*x**2. Let c be f(6). Let v = c + 34. What is the units digit of v?
7
Let r be ((-231)/22)/((-977)/(-490) + -2). Let q = 2548 - r. What is the tens digit of q?
3
Let g be 196*6/(-9)*9/(-12). Suppose -m + 5*m + g = v, -3*m = 4*v + 83. Let r = 60 + m. What is the tens digit of r?
3
Suppose u - 5*m - 11 = 11, 0 = -5*u - 5*m - 40. Let v(b) = -2*b - 4. Let f be v(u). Suppose 3*k - 4*p = 222, -k - f*p = 2*k - 204. What is the units digit of k?
0
Let g(r) = -125*r + 52. Let v be g(3). What is the tens digit of (-1*37)/(17/v)?
0
What is the units digit of 3/(-49)*7 - 354184/(-28)?
9
Let b(j) = -2*j + 450. Let g(o) = -4*o + 899. Let n(m) = 5*b(m) - 2*g(m). What is the hundreds digit of n(0)?
4
Let c(q) = -2*q**3 - 53*q**2 + 13*q - 75. What is the hundreds digit of c(-29)?
7
Suppose -4*v - 132758 = -2*a, -3*v = 115*a - 110*a - 331921. What is the units digit of a?
3
Let u(f) = 20*f + 185. Let b be u(16). What is the units digit of 3 + 3/(-3) + b + -2?
5
Let u(h) = -h**3 + 12*h**2 - 13*h - 3. Let x be u(10). Let y = x + -61. Suppose -y*n + 10*n = 600. What is the units digit of n?
0
Let z(n) = -83. Let b(j) = -j + 1. Let y be 1 + -3 + 10 + -9. Let r(a) = y*z(a) + b(a). What is the units digit of r(0)?
4
Suppose 5*u - 2*t = -3334, 2*t = -8*u + 3*u - 3326. Let b = u - -1562. What is the tens digit of b?
9
Let z = -12 - -4. Let s be 62/z + (-11)/44. What is the units digit of (-3)/(-12)*-1 - 1026/s?
8
Suppose -10*a + 2*n = -8*a + 38, 123 = -5*a - 2*n. What is the units digit of (a/(-4))/((-87)/44 - -2)?
3
Let f(q) = -2*q**3 + 28*q**2 + 39*q - 67. Let o(r) = r**3 - 14*r**2 - 20*r + 34. Let t(s) = -4*f(s) - 9*o(s). What is the hundreds digit of t(11)?
5
Let x(v) = 3*v - 20. Let j be x(7). Let w be (-2)/j + (282/6 - 5). Let o = 17 + w. What is the tens digit of o?
5
What is the tens digit of (-316)/(-237) - 37012/(-6)?
7
Let d be -1 + -234 + 10 + -18. Suppose 0 = m - 3*m + 890. Let l = d + m. What is the tens digit of l?
0
Let j = 4586 - 2525. Let u = j - 1364. What is the tens digit of u?
9
Let x = 31 + -26. Suppose -4*q + x*a = -12, 2*q + 3*q = -a + 15. Suppose -h = 4*h - 4*s - 410, -q*h + 246 = -3*s. What is the tens digit of h?
8
Suppose -5*d = -20*o + 18*o - 7985, 0 = -3*o - 15. What is the tens digit of d?
9
Suppose -3